y be 1/((-21)/(-14) - (-38)/(-28)). Suppose -10 = -c - y. Let r = 28 - 13. Calculate the highest common factor of c and r.
3
Suppose 5839 + 2449 = 37*l. What is the highest common divisor of l and 128?
32
Let o(l) = -l**2 + 8*l + 23. Let g be o(9). Suppose 9*d + 5 = g. Calculate the highest common factor of d and 1.
1
Let y(k) = k**2 - 13*k + 103. Let d be y(11). What is the greatest common divisor of 216 and d?
27
Let z be 18/(-3)*2*13/(-4). Calculate the greatest common divisor of z and 6.
3
Let g = 44 - -45. Let n = -61 + g. What is the greatest common divisor of 28 and n?
28
Suppose -36 = -3*m + 4*q, 48 = 4*m - 5*q + 3*q. Suppose -1815 + 15 = -30*h. Calculate the greatest common factor of h and m.
12
Suppose -10*v + 1890 = -4*v. Calculate the highest common divisor of 35 and v.
35
Suppose 44*x - 48*x - 5*o = -393, -3*x + 5*o = -321. What is the greatest common divisor of x and 1564?
34
Suppose a = 3*r - 2*a - 12, 0 = r + a - 2. Suppose -w + 3*n = -24, w + 5*n = -r*w + 62. Calculate the greatest common divisor of w and 6.
6
Let s(y) = y**3 + 4*y**2 + 3*y + 4. Let j be s(-3). Suppose 14*b - 308 = 7*b. Calculate the greatest common divisor of j and b.
4
Suppose 2*n = 31*n - 290. What is the highest common divisor of n and 70?
10
Suppose -3*u - 52 = -4*u + 4*q, -2*q + 114 = 3*u. Suppose -3*i = x - 20, -10*i - 3*x = -5*i - 40. Calculate the greatest common divisor of u and i.
5
Suppose -3*h + 5*m - 17 = -5*h, 4*h = -2*m - 6. Let a be ((-16)/h + -1)*1. Calculate the greatest common factor of 24 and a.
3
Suppose 0 = 7*k - 8*k + 5. Let n(c) be the first derivative of c**3/3 - 9*c - 2. Let x be n(-7). What is the highest common factor of k and x?
5
Suppose 7*y = 2*y - 20. Let l be 4*(-2)/y*(9 - 8). Let a(u) = -u + 9. Let z be a(7). Calculate the highest common divisor of z and l.
2
Suppose -249 = -5*h + 741. Suppose -24*b = -35*b + h. Calculate the highest common factor of 99 and b.
9
Let m(y) = -y**3 + 7*y**2 + 3*y - 4. Let u be m(7). Suppose -u*s - 216 = -21*s. Calculate the greatest common divisor of s and 6.
6
Suppose 111*r = 117*r - 840. Let f(s) = s**2 + s - 1. Let d be f(0). Let j be ((-245)/21)/(d/3). What is the highest common divisor of r and j?
35
Let w(r) = -22*r + 127. Let q be w(-14). Calculate the highest common divisor of q and 30.
15
Let x = -22 - -12. Let n be 136/40 + 4/x. Suppose i - 383 = -2*m, -n*m = 3*i - 2*i - 572. What is the greatest common factor of m and 21?
21
Let j be (-2)/(-5) - (-18)/60*202. Suppose 4*s + 2*r = -r + j, 4*s + 2*r = 58. Calculate the highest common factor of s and 143.
13
Suppose -2*b = -3*z - 25, 2*b - 18 = -2*z + 12. Suppose -213*a + 218*a - 70 = 0. What is the greatest common divisor of a and b?
14
Let m = -23 + 27. Let i be (-1)/((3 - m)/85). What is the highest common factor of i and 17?
17
Let y = -268 - -388. Let x = -55 - -70. What is the highest common divisor of x and y?
15
Suppose 112 = -4*s + 1296. Calculate the highest common factor of s and 518.
74
Suppose -5*x + 114*b = 117*b - 85, 2*x - 53 = -5*b. Let v = -23 + 37. Calculate the greatest common divisor of v and x.
14
Let d be 67 + 2 + (-4 - 0). Let k = 1315 + -1289. What is the highest common divisor of k and d?
13
Suppose 9*d - 4*d - 470 = 0. Suppose 0 = -y - 2*y - 5*z + 74, -5*y = z - d. Calculate the greatest common divisor of 36 and y.
18
Let o be 3 + 63 + -1 + 1. Suppose 4*q = -2*l - 78, 31 = -5*q - 3*l - o. Let r be q/3*351/(-26). Calculate the highest common factor of 36 and r.
18
Let t = 189 - 116. Suppose -385 + t = -3*f. Let m(s) = s**2 - 21*s + 13. Let c be m(0). Calculate the highest common divisor of f and c.
13
Suppose -12*a = -9*a - 15. Calculate the highest common factor of a and 90.
5
Suppose 12 = -3*f - 78. Let h(i) = 8*i**3 - 2*i**2 - i - 1. Let r be h(2). Let n = f + r. What is the highest common factor of 161 and n?
23
Suppose 8*a - 3272 = 776. What is the highest common divisor of a and 92?
46
Suppose -58*a + 50*a + 56 = 0. Let i = 4 - 18. Let b be (49/i)/(2/(-32)). Calculate the greatest common factor of b and a.
7
Suppose 3*d - 242 = -2*t, -9*t = -6*t - 2*d - 337. What is the greatest common divisor of 23 and t?
23
Let s be 10/2 - 1555/(9 + -14). What is the highest common factor of s and 79?
79
Suppose -4*s - 2*o = -4, 0*s + 5*s = 4*o + 18. Suppose -6*d + 168 = s*d. Let m = 77 - 35. Calculate the greatest common divisor of d and m.
21
Let b(i) = -3*i - 3. Let d be (-102)/8 + 1/(-4). Let n be b(d). What is the greatest common factor of 108 and n?
36
Suppose 0 = 5*l + 20, -2*y + 4*l = 2*y - 180. Calculate the highest common divisor of 1 and y.
1
Suppose u - 7*n = -6*n + 12, -2*u - 3*n + 29 = 0. Calculate the highest common factor of u and 182.
13
Let n(q) = q**2 + 9*q + 11. Let y be n(-8). Let m(z) = -z**2 - 17*z - 3. Let s be m(-15). Calculate the highest common divisor of y and s.
3
Suppose 32*s - 37*s + 405 = 0. What is the greatest common divisor of s and 36?
9
Suppose -4*r + 3 + 1 = 0. Let i(u) = -u**3 + 6*u**2 + 6*u + 8. Let t be i(7). Suppose 11 = 2*c + t. What is the greatest common factor of r and c?
1
Let h be (28/8*2)/1. Suppose h*i = 3*i + 8. Let o(m) = 4*m**2 - m - 4. Let v be o(i). What is the greatest common factor of 5 and v?
5
Let x be -28*(-1 - (-10)/(-14)). Suppose 0*u = -4*u + x. Calculate the highest common divisor of u and 2.
2
Let f(t) = 2*t + 4. Let o be f(4). Suppose -5*s = -5*k - 45, 2*s + 0 + o = -4*k. Let h = 8 + s. What is the greatest common divisor of 132 and h?
12
Let i be 9/30 + (-1748)/(-40). What is the highest common factor of 484 and i?
44
Suppose 391*j - 146862 = 350*j. Calculate the highest common divisor of j and 18.
18
Let b(v) be the third derivative of -v**6/120 + v**5/60 + 2*v**3 - 2*v**2. Let c = 62 - 62. Let p be b(c). What is the greatest common divisor of p and 108?
12
Let s(j) = j**3 - 10*j**2 + 3*j - 12. Let q be s(10). Calculate the highest common divisor of 12 and q.
6
Let b be (-492)/(-60) - (4 + (-96)/20). What is the greatest common factor of 4 and b?
1
Suppose -27 = -217*s + 214*s. What is the greatest common factor of s and 36?
9
Suppose c = -4*c + 405. What is the highest common divisor of c and 45?
9
Let n = 703 + -653. Calculate the highest common divisor of 475 and n.
25
Suppose 2*p - 80 = -52. What is the greatest common factor of p and 287?
7
Suppose 3*c + 11 = 551. Let u be c/(-2 + 1)*-1. Calculate the highest common divisor of 18 and u.
18
Let j be ((-2)/4)/(1/(-8)). Let f(u) = 8*u**3 + 2*u**2 - 1. Let y be f(1). Suppose y*t = 8*t + 16. What is the greatest common factor of j and t?
4
Let b(x) = -x**3 + 11*x**2 - 19*x + 23. Let v be b(9). Let d be (-1192)/(-28) + (-8)/v. What is the greatest common factor of d and 63?
21
Let k(h) = -h**3 + 4*h**2 - 5. Let p be k(2). Suppose -5*i + 646 = -4*d, -2*d - 524 = -4*i + p*d. Calculate the highest common divisor of 18 and i.
18
Suppose 6 = d - 2*l, 0*d + 2*d - 7 = -l. Suppose -d*k - 29 = -p, -5*p + k = -73 - 148. What is the highest common factor of 5 and p?
5
Let g be 0 - 2*270/(-12). Calculate the highest common divisor of 15 and g.
15
Let j(v) = -v + 26. Let a be j(0). Let r(u) = 2*u**3 - 28*u**2 + 17*u - 30. Let i be r(14). Calculate the highest common factor of i and a.
26
Suppose -3*m + 139 = 5*p, -4*p - 134 = -5*m + 110. What is the greatest common factor of 368 and m?
16
Suppose 5*x - 375 = i - 3*i, -2*x = 3*i - 139. Let n be (-141)/(-15) + -9 + (-33)/(-5). Calculate the greatest common divisor of n and x.
7
Let v = 89 - 85. Calculate the greatest common divisor of v and 10.
2
Let y be (-1)/(-1) + (-42)/(-6). What is the highest common factor of 128 and y?
8
Suppose -8*o = -0*o - 2080. Let u be o/6 + 1/(-3). What is the highest common factor of 86 and u?
43
Let i(d) = d**2 - 2*d - 11. Let w be i(7). Suppose 11*q - 8*q = w. Let s be (-1 + (-7)/(-5))*100. What is the greatest common factor of q and s?
8
Let g be 2/(((-2)/11)/(-1)). Let z = -157 - -159. Let f be (29 + -7)/((-3)/z - -2). What is the highest common factor of g and f?
11
Let g be 6/(-15)*(-10)/(-4). Let x = 9 + g. Let j = -31 - -47. Calculate the highest common divisor of x and j.
8
Let v be (66/(-10))/(2/(-120)). Suppose 4*g + 328 = -4*y + 76, 5*y + 141 = -2*g. Let w = 94 + g. Calculate the greatest common factor of v and w.
36
Suppos